- 247. Is p(-9) a prime number?
True
Suppose 5412 + 3554 = -4*g - 2*w, -3*g + 2*w = 6714. Let y = 4936 + g. Suppose -5*v - 3*c = -y, 894 - 350 = v - c. Is v a composite number?
False
Let o(u) = 2*u**3 - 16*u**2 - 17*u - 42. Let s be o(22). Suppose 0 = -10*d - 6*d + s. Is d a composite number?
False
Let y(s) = 11 + 4 - 4 + 34*s**2 - 16*s - 2 + 35*s**2. Is y(4) a composite number?
False
Let i(v) = 1769*v**2 - 3*v - 4. Let a be i(-1). Suppose -4*l - l + 5334 = 3*h, -h - 5*l + a = 0. Is h a composite number?
False
Let p be 2/4 + 1/8*20. Let j(v) = 247*v**2 - 10*v + 10. Is j(p) prime?
True
Suppose 53*t - 63175283 - 7852084 = 0. Is t prime?
False
Let a be -1 - (-2)/(4 + -2 + 0). Suppose a = -29*u + 28*u + 9571. Is u a prime number?
False
Suppose f + 5*d = 24811, -69*f - 74547 = -72*f + 4*d. Is f composite?
False
Let b(p) be the second derivative of p**4/12 - p**3/3 - 155*p**2/2 + 274*p. Is b(-28) composite?
True
Suppose 0 = -8*u + 4*u + 7*s + 216411, -5*s = -u + 54106. Is u prime?
True
Let z = 5 + -3. Let m(d) = 0 + 5*d + 41*d**2 + d + z + 2. Is m(3) prime?
False
Is 2 + -14 + 35751/(-119)*-21 composite?
True
Let h(r) = 10570*r - 187. Is h(8) a composite number?
True
Is 3/(-12)*(-4)/3*(-2464878)/(-26) a prime number?
True
Let f be -17477*(-2 + 1) + -3. Suppose -f = -8*o + 5430. Is o a composite number?
True
Let j = -185049 + 302632. Is j a composite number?
True
Let r(l) = -230*l**3 - 2*l**2 + 1. Let h be r(1). Is (-288387)/h + (-8)/(-14) a composite number?
False
Suppose j - 7*j + 12 = 0. Is (j/2 + 302)*1 a composite number?
True
Let n = -66 + -1. Let a = 70 + n. Suppose 4*j - 5*p = 3992, 0 = -a*j - p + 1786 + 1227. Is j a prime number?
False
Suppose 28 = -9*v + 73. Suppose -1905 = -v*r - 0*r. Is r composite?
True
Let c = -438934 + 617700. Suppose -c = -27*j + 167077. Is j a prime number?
True
Let b = -11803 - -31722. Is b a composite number?
False
Let c be ((-36)/(-6) - 2) + 1390. Let k = 2241 + c. Is k a prime number?
False
Is (2/(-16))/((-155)/114857480) a prime number?
True
Suppose 0 = -0*s - s - r + 62762, 313813 = 5*s + 2*r. Is s a composite number?
True
Let a(j) = -27*j**3 + 15*j**2 + 13*j - 6. Let p be a(-6). Let q = p - 3527. Is q a prime number?
False
Let a = 72012 - 37639. Is a a composite number?
True
Suppose -3*j - 7727 + 21290 = 0. Let p = -2667 + j. Suppose 3*v = -4*z + 5*v + p, z - 471 = -v. Is z prime?
False
Is (-58296)/(-336)*(2/(-4) + 447/6) composite?
True
Suppose 8*i - 35455 - 38460 = -r, 221826 = 3*r - 3*i. Is r a composite number?
False
Let n = 31669 + 41502. Is n composite?
True
Suppose l = -6*l - 17*l + 987912. Is l composite?
True
Let z(n) = 124*n**2 - 18*n + 172. Is z(15) a prime number?
False
Let p(b) = -b**2 - 29*b - 76. Let c be p(-26). Let g(d) = 14 + d + 4*d**2 + 87*d**3 - 4*d - 5 - 8. Is g(c) a composite number?
True
Suppose 8*d = 17*d. Suppose b - g = -3*b + 4166, 5*b - 3*g - 5204 = d. Is b composite?
True
Let n = -5300 + 9760. Suppose 0 = 3*h - 3*w - 30174, -5613 = -h - 4*w + n. Is h prime?
True
Let d(z) = -87*z**3 - 7*z**2 + 19*z - 13. Let v = -29 + 18. Let x(p) = -43*p**3 - 4*p**2 + 10*p - 7. Let a(k) = v*x(k) + 6*d(k). Is a(-2) prime?
False
Let l be (-1)/4 - (3 + 200121/12). Let b = l + 32086. Is b a prime number?
False
Is 32/(-128)*24 - (0 + -77321 - 2) a prime number?
True
Suppose 13*v + 23 = -3. Let u be ((-25)/(-10) + v)*0. Suppose -4*p - 4*s + 14448 = u, -2*s - s = 4*p - 14447. Is p a prime number?
False
Let c be -5 + 2 - (-15 - -3). Suppose 2*w = -w - c. Is (w*3/(-18))/((-1)/(-74)) prime?
True
Suppose -164*s = -2086885 - 4305343. Is s composite?
False
Suppose -200*l + 155*l = -355905. Is l prime?
False
Let f(n) = 2*n**3 - 263*n**2 + 165*n - 555. Is f(131) composite?
True
Let b = 11664 - 893. Is b a prime number?
True
Let d(r) = 819*r - 772. Is d(17) prime?
True
Let g = -2523 - -9806. Suppose -3*u - 2*c = -g, -4853 = u - 3*u + c. Suppose -u = 5*r - 6*r. Is r a composite number?
True
Let k be 116 + 1 + 3 + -1. Suppose 4*s - l - 6321 = 0, 3049 = 2*s - 2*l - k. Suppose 0 = 5*r - 2*p - s, -1 = 5*p - 16. Is r a prime number?
True
Let v(s) = -44*s**2 - 229*s + 1747. Let m be v(7). Let w = -3025 - -1758. Let q = w - m. Is q composite?
True
Let q = -610 + 622. Is q/14 + (-222535)/(-35) a composite number?
False
Suppose 4*v - 16 = 4*k, -4*v + 43 = 6*k - k. Let w(o) be the second derivative of 8*o**4 - o**3/3 + o**2/2 - 15*o. Is w(v) a composite number?
False
Suppose 4*s - 33*s = 620359 - 2017550. Is s composite?
False
Suppose -205313 = -4*o + 11931. Is o composite?
False
Suppose 7887 + 553 = -3*x + 2*a, 4*a = 3*x + 8450. Is x/(-42) + (-14)/(-147) a composite number?
False
Let o(r) = -r**2 + 15*r - 53. Let m be o(7). Suppose 0 = -z - 2*w + 781, -3*w + 230 - 2555 = -m*z. Let n = z - 278. Is n a prime number?
True
Suppose 0 = -2*d + 9 - 5. Suppose -g - d*g - 12 = 0, 2*g + 23 = 5*q. Suppose -314 = -2*y + 3*o - 7*o, q*y - 4*o - 431 = 0. Is y a prime number?
True
Suppose 5*p - 4071 = 14*m - 17*m, m = -2*p + 1359. Is m composite?
True
Let c = -642 + 642. Suppose c = 35*k + 15*k - 10450. Is k a composite number?
True
Let y(i) = -5509*i**3 + 2*i**2 + 21*i + 23. Is y(-3) a composite number?
False
Let d(n) = -47*n**2 + 3*n - 2. Let h be d(1). Let i = -31 - h. Let y(r) = r**2 + 19*r - 31. Is y(i) a composite number?
False
Suppose 802269621 = 200*z + 269*z + 80*z. Is z prime?
True
Let r = 2529 + 150. Suppose 0 = -16*m + 13*m, 3*v = 3*m + r. Is v a prime number?
False
Let f = 769033 - -814408. Is f a prime number?
False
Suppose 4037*m + 93921 = 4040*m. Is m composite?
False
Let y(a) = 1529*a - 2 - 2844*a + 1456*a. Suppose 3*h = 3 - 0. Is y(h) prime?
True
Let a(j) = 10546*j**2 + 60*j - 113. Is a(2) composite?
True
Let q(d) = 1416*d**2 - 5*d + 2. Let b be q(-4). Suppose 3*a = -5*c + b, 6*c - 3*a = c + 22672. Is c a prime number?
False
Suppose -1431864 = -4*y - 2*c, 5*y + 17382*c - 17377*c - 1789825 = 0. Is y a prime number?
True
Is 1 + (123676/(-245))/(2/(-170)) composite?
True
Let s be 3 + 1 - (0 + 1)*19542. Let v = 28315 + s. Is v a composite number?
True
Suppose 156 = -7*j + 11*j. Suppose j*w = 316049 + 115174. Is w prime?
True
Let t be ((-24)/10)/2*90/(-54). Suppose 913 - 3560 = -5*d + 2*k, 0 = t*d + 4*k - 1054. Is d a composite number?
True
Let p(d) = 84 + 226 + 1037*d + 18. Is p(18) a composite number?
True
Let y = -800 - -814. Suppose -y*z = -15*z + 2819. Is z composite?
False
Let b = -521 - -2484. Let p(m) = 141*m - 8. Let d be p(14). Suppose -h - 2*u + b = 0, -5*h - u = -4*h - d. Is h composite?
True
Let w(k) = 133*k - 2. Let p(n) = 1. Let g = -55 + 54. Let o(m) = g*w(m) - 4*p(m). Is o(-1) a composite number?
False
Let b(p) = -p**2 + 2*p + 4. Let t be b(4). Let s(k) = 23*k**2 + 5*k + 34. Let i(h) = 21*h**2 + 3*h + 26. Let a(u) = 4*i(u) - 3*s(u). Is a(t) prime?
False
Let p = 22 + 17. Suppose 4*f + 3*l + p = 0, f + 5*l = -0*f + 3. Is (3019/3)/((-4)/f) composite?
False
Let p = 314029 - 207312. Is p composite?
True
Suppose -v - 1643548 + 467049 = -3*m, -m + 5*v = -392185. Is ((-10)/(-12) - 1) + m/246 composite?
True
Let h(b) = 4*b**3 - b**2 - b + 2. Let w be h(1). Let z be (w + 0 - 4) + 2 + 4. Suppose -z*x = -x - 1115. Is x composite?
False
Let m(t) = -t**3 - 5*t**2 - 6*t - 5. Let b(g) = g**2 - 5*g + 2. Let s be b(3). Let n be m(s). Is 0 + (n - -966) + -2 prime?
True
Let d(j) = 1897*j - 6592. Is d(39) composite?
False
Let w = -89 + 97. Let g(p) = p**3 - 6*p**2 - p + 11. Is g(w) composite?
False
Let i be (1/(-2)*5)/((-22)/44). Suppose 0 = i*v - 13368 - 20647. Is v composite?
False
Suppose 4*h + 3*f - 5447 = 0, 4*h - 4*f - 3013 - 2427 = 0. Is h a composite number?
False
Let l = 170356 - -20947. Is l a composite number?
True
Let p(n) be the third derivative of 23*n**5/30 - 17*n**4/24 + 10*n**3/3 + 30*n**2. Let g be p(-10). Suppose 2*k + 3*k = 5*i - g, -4*i + 3837 = -5*k. Is i prime?
True
Is (24/168 - (-35658205)/(-14))/((-8)/16) composite?
False
Suppose -2*i = 3*f - 262583, 352*f - 525206 = -4*i + 354*f. Is i a prime number?
False
Let g = 80858 - -180989. Is g composite?
False
Let z = 1951091 + -961132. Is z a prime number?
True
Suppose -4*x = -36*m + 35*m - 286967, 0 = x - m - 71744. Is x prime?
True
Let v(a) = 3*a**3 - 9*a**2 - 9*a - 1. Suppose -4*n - 2*r = 28, -2*r = -4*n - 5*r - 32. Let x be (-20)/(-4) + 8 + n. Is v(x) a